2 is divided by 62*-1*(4 - (-17 + 22)).
8
Suppose 7 = -5*c + 22. Suppose 5*x - c*n - 98 = 17, x - 30 = 2*n. Suppose 5*i - 95 - x = 0. What is the remainder when i is divided by 6?
5
Let j(t) = 4*t**2 - t. Let n be j(1). Suppose 20 = n*b - 22. Calculate the remainder when 27 is divided by b.
13
Suppose 0 = -8*c - 49*c + 8436. Calculate the remainder when c is divided by 6.
4
Suppose 0 = -4*q - 4*i + 180, -4*q + 220 = q + 4*i. Let c(y) = y**3 + 9*y**2 - 2*y - 4. Calculate the remainder when q is divided by c(-9).
12
Let u be -33 + ((-8)/(4/2) - -1). What is the remainder when 106 is divided by (384/27)/1 - (-8)/u?
8
Let r(b) = -2*b**3 - 2*b**2 - 2*b + 3. Let t be r(-3). Suppose 47 = 2*n - t. Suppose -v = v - n. What is the remainder when v is divided by 12?
11
Let v(z) = 8*z + 7. Let y be v(-6). Let d = -21 - y. Let t = d + -13. What is the remainder when 13 is divided by t?
6
Let o = -48 + 153. Suppose 0 = -20*f + 622 - 82. Calculate the remainder when o is divided by f.
24
Let j = -82 + 113. Calculate the remainder when j is divided by 16/(1 - 0 - 0).
15
Calculate the remainder when (-14 + 5)/27*113*-3 is divided by 31.
20
Let z(p) = -p**3 + 17*p**2 + 21*p + 41. Let q be z(19). What is the remainder when (-20)/5 + 5 - q/3 is divided by 34?
27
Suppose 4*b + x - 124 = 0, -2*b + 41 = -5*x - 21. Let s = b - 46. Let r = s + 28. Calculate the remainder when 37 is divided by r.
11
Let v = -2883 - -2897. What is the remainder when 515 is divided by v?
11
Suppose -4*g = -3*f - 0*f + 120, 3*g = 0. Calculate the remainder when 59 is divided by f.
19
Suppose -2*f + 4*f = 82. Let o(p) = 2*p**3 + 4*p - 3. Let j be o(2). Suppose 10*k + j = 11*k. Calculate the remainder when f is divided by k.
20
Let r(y) = -3*y - 24. Let i be r(13). Let g = -25 - i. Calculate the remainder when g is divided by 8.
6
Let g(z) = -7*z - 2. Let k be 8*((-6)/(-4) + -2). Let u(r) = -r**2 + 49. Calculate the remainder when u(0) is divided by g(k).
23
Suppose 12 = 3*j - 3*w, 6*j = 3*j + 2*w + 13. What is the remainder when 91 is divided by j?
1
Let g be (-2)/(-2)*6 + 0. Let b = g - 3. Suppose b + 27 = 5*l + 5*i, -l + 5 = 2*i. Calculate the remainder when l is divided by 5.
2
Suppose 10*m + 4 = 12*m. Suppose 267 = j + m*j. Calculate the remainder when j is divided by 23.
20
Let o(u) = 18*u**2 - 10. Calculate the remainder when o(3) is divided by 17.
16
Suppose 4*u + 48 = 10*u. Let o = -96 + 108. Calculate the remainder when o is divided by u.
4
Suppose 2*p + 2 - 36 = z, -68 = -4*p + 4*z. What is the remainder when 43 is divided by p?
9
What is the remainder when (314/5)/(-2)*-5 is divided by 16?
13
Let g(m) = 81*m - 224. Calculate the remainder when 1576 is divided by g(3).
18
Let m be 701 + 5/(-5) + 0. Suppose 9*t = 299 + m. What is the remainder when t is divided by 28?
27
Let i = 225 - 196. Calculate the remainder when 140 is divided by i.
24
Suppose -8*d = -3*d + 120. Let y = d - -46. What is the remainder when 109 is divided by y?
21
Let b(a) = 3*a**2 - 2*a - 7. Suppose y + 3*c - 29 = 0, -3*y - 3*c + 121 = 2*y. What is the remainder when b(6) is divided by y?
20
Let v(j) = -40*j**3 + j**2 - 33*j**3 + 1 + 106*j**3 - 7*j - 32*j**3. Calculate the remainder when 156 is divided by v(3).
12
Let t(v) = -v**3 + v + 3. What is the remainder when 18 is divided by t(0)?
0
Suppose -4*u + 156 = -0*u - 2*t, -156 = -4*u + 3*t. What is the remainder when 115 is divided by u?
37
Suppose -u - 15 = -3*m, u + 0 = m - 3. Let i = -6 + 16. What is the remainder when 34 + 7/(21/m) is divided by i?
6
Suppose 2 = -3*t + v + v, -2*t = v - 1. Suppose -h = 2*p - 78 + 24, 2*h - 4 = t. What is the remainder when p is divided by 9?
8
Suppose g - 2 - 2 = 0. Let u(t) = -8*t**3 - 4*t**2 - 4*t - 1. Suppose -k = 5*k + 6. Calculate the remainder when u(k) is divided by g.
3
Suppose -5*s - 5*p - 25 + 65 = 0, -34 = -2*s - 5*p. Suppose -3*r = 2 - 20. Calculate the remainder when r is divided by s.
0
Suppose 2*x = -0*x + 900. Calculate the remainder when 74 is divided by (6/9)/(12/x).
24
Suppose -7 + 36 = 2*a - p, -2*a - 4*p + 44 = 0. Calculate the remainder when 1006 is divided by a.
14
Let h be (120/(-25))/(3/20). Let s = h + 46. Calculate the remainder when ((-82)/4)/(2/(-4)) is divided by s.
13
Let u(i) = i**3 + 2*i**2 + 5*i + 5. Calculate the remainder when 254 is divided by u(3).
59
Let z(a) = a + 32. Suppose -4*h = -o + 14, -3*o + h = -2*h - 51. Calculate the remainder when z(0) is divided by o.
14
Let v = -128 - -148. Let j(w) = -5*w + 104. Suppose 8*s = 4*s + 4. Calculate the remainder when j(v) is divided by s.
0
Suppose 0 = b + 5, 0 = 2*l - 5*b - 480 - 103. Calculate the remainder when l is divided by 20.
19
Suppose -q = 4*o - 160, -2*o + 2*q = o - 109. Suppose -2*r + 73 = -5*u + 54, 3*r - 8*u - 29 = 0. Calculate the remainder when o is divided by r.
4
Let v(g) = -g**3 + 4*g**2 + g - 2. Let w be (4/(-10))/((-1)/5). Calculate the remainder when v(4) is divided by 1/(9/w + -4).
0
Let h = 1227 - 1094. Calculate the remainder when h is divided by 70.
63
Let r(c) = -c + 28. Suppose 8*a + 3*n - 81 = 3*a, -13 = -a + n. Calculate the remainder when ((-147)/6)/((-2)/4) is divided by r(a).
10
Let h be (0 - 2/2) + (-10 - -111). Let d = h + -86. What is the remainder when 55 is divided by d?
13
Suppose -4*n = -3*t, n - 15 = 6*n. Suppose -56 = -4*x - 16. Calculate the remainder when (t/(-6))/(6/171) is divided by x.
9
Suppose 4*y - 36 = -2*m, -4*y + 46 = y + 2*m. Suppose 11 = -4*g - 9. Let r = g + 7. Calculate the remainder when y is divided by r.
0
Let s = -13 - -17. Suppose -3*g = s*g. Calculate the remainder when 80 is divided by 25 + (4 - (g - -2)).
26
Let y(r) = r**2 - 5*r + 2. What is the remainder when (639/756 + 10/(-105))*200 is divided by y(-4)?
36
Let h = 111 - 86. Suppose 0 = -3*w - 6, 4*q = -0*q + 5*w + 6. What is the remainder when h is divided by 1 + q - 14*-1?
11
Let g(f) = f - 1. Let p be g(4). Suppose 5*y = -4*x + 133, 3 + 3 = p*x. What is the remainder when y is divided by 14?
11
Suppose 174 - 51 = 3*o. Calculate the remainder when o is divided by 62/4 + (-2)/4.
11
Suppose r - 411 = a, a - 1 = -6. Suppose -4*f - 10*f + r = 0. Calculate the remainder when f is divided by 9.
2
Let d = 27 + -22. Suppose 5*v + i - 26 = 0, i + 14 = -0*v + 3*v. Suppose 4*w = v*w - d. Calculate the remainder when w is divided by 3.
2
Suppose 379*i = 373*i + 168. What is the remainder when 111 is divided by i?
27
Let r(l) = 9*l + 241. Calculate the remainder when r(6) is divided by 12.
7
Calculate the remainder when (4/1)/((-27)/(-459)) is divided by 35.
33
What is the remainder when 28/(-42) - 17/(-3) - -5 is divided by 7?
3
Let y(b) = -2*b + 4. Let f be y(-8). Suppose -f = -3*w + q, 17 + 13 = w - 5*q. Let m = w - -17. What is the remainder when m is divided by 12?
10
Suppose 2*n - 32 = -2*n. Let p(q) = -q**2 - 23*q - 53. Calculate the remainder when p(-18) is divided by n.
5
Let u = 2216 + -2208. Calculate the remainder when 118/6 + 1/3 is divided by u.
4
Suppose -210 = 5*d - 10*d. Suppose 3*s + 30 = 3*m, 4*m - 2*s = -4*s + 46. Calculate the remainder when d is divided by m.
9
Let m(t) = t**3 - 5*t**2 + 14*t - 16. What is the remainder when m(5) is divided by 35?
19
Suppose -39*p = -42*p + 2*y + 1619, -4*p = -4*y - 2164. What is the remainder when p is divided by 7?
5
Let c(x) be the third derivative of -x**4/12 - 8*x**3/3 + 8*x**2. Let s be c(-9). Suppose -2*y - s*y = -120. What is the remainder when y is divided by 17?
13
Suppose -11*j + 406 + 397 = 0. Let y = -64 + j. What is the remainder when 32 is divided by y?
5
Let t(j) = 4*j**2 - 3*j + 15. Calculate the remainder when t(2) is divided by 11.
3
Suppose 0 = 5*g - 2*g + 15. Let h(k) = -k**3 - 6*k**2 - 7*k - 8. Calculate the remainder when 2 is divided by h(g).
0
Let b be 9/6*(-4)/(-6). Let h = b + -5. Let t = h + 8. What is the remainder when 15 is divided by t?
3
Suppose -24 = 3*q - 63. Suppose 0 = -4*d + 2*d + 72. What is the remainder when d is divided by q?
10
Let h(a) = 560*a**2 + 9*a - 11. What is the remainder when h(1) is divided by 20?
18
Let d(t) = 1. Let r = 20 + -10. Let y(w) = -8*w - 14. Let i(j) = r*d(j) + y(j). Calculate the remainder when i(-5) is divided by 19.
17
Let m(l) = -l**2 + 19*l + 44. What is the remainder when 123 is divided by m(18)?
61
Le